{"id":91,"date":"2021-01-15T19:16:21","date_gmt":"2021-01-15T18:16:21","guid":{"rendered":"http:\/\/lyceech.cluster026.hosting.ovh.net\/?page_id=91"},"modified":"2025-10-07T09:53:29","modified_gmt":"2025-10-07T07:53:29","slug":"bts-support-a-laction-manageriale","status":"publish","type":"page","link":"http:\/\/lyceeclaudemonetlh.fr\/index.php\/bts-support-a-laction-manageriale\/","title":{"rendered":"BTS Support \u00e0 l&rsquo;Action Manag\u00e9riale"},"content":{"rendered":"\n<figure class=\"wp-block-image size-large is-style-rounded\"><img loading=\"lazy\" decoding=\"async\" width=\"742\" height=\"586\" src=\"http:\/\/lyceech.cluster026.hosting.ovh.net\/wp-content\/uploads\/2021\/01\/bts-sam.jpg\" alt=\"\" class=\"wp-image-196\" srcset=\"http:\/\/lyceech.cluster026.hosting.ovh.net\/wp-content\/uploads\/2021\/01\/bts-sam.jpg 742w, http:\/\/lyceech.cluster026.hosting.ovh.net\/wp-content\/uploads\/2021\/01\/bts-sam-300x237.jpg 300w\" sizes=\"(max-width: 742px) 100vw, 742px\" \/><figcaption class=\"wp-element-caption\">BTS SAM<\/figcaption><\/figure>\n\n\n\n<p>Le titulaire du BTS Support \u00e0 l&rsquo;action manag\u00e9riale exerce ses fonctions aupr\u00e8s d&rsquo;un responsable ou d&rsquo;un cadre. Il d\u00e9veloppe des comp\u00e9tences relationnelles, organisationnelles et administratives. Il remplit des activit\u00e9s de soutien et des activit\u00e9s d\u00e9l\u00e9gu\u00e9es plus ou moins sp\u00e9cialis\u00e9es selon le service. Il est \u00e0 m\u00eame d&rsquo;organiser des \u00e9v\u00e9nements, des d\u00e9placements, de g\u00e9rer l&rsquo;information et de prendre en charge un certain nombre de dossiers, administratifs ou directement li\u00e9s \u00e0 l&rsquo;activit\u00e9 g\u00e9n\u00e9rale de l&rsquo;organisation. Parler deux langues, voire trois, fait partie int\u00e9grante de la fonction. Il travaille dans une entreprise, une association, une administration ou tout autre type d&rsquo;organisation.<\/p>\n\n\n\n<p>Consulter notre diaporama et le rapport public 2020<\/p>\n\n\n\n<div class=\"wp-block-file\"><a id=\"wp-block-file--media-2df47ac6-1b4c-48bf-ba3d-8a384a3f746f\" href=\"http:\/\/lyceech.cluster026.hosting.ovh.net\/wp-content\/uploads\/2021\/01\/Diaporama-BTS-SAM.pdf\">Diaporama-BTS-SAM<\/a><a href=\"http:\/\/lyceech.cluster026.hosting.ovh.net\/wp-content\/uploads\/2021\/01\/Diaporama-BTS-SAM.pdf\" class=\"wp-block-file__button wp-element-button\" download aria-describedby=\"wp-block-file--media-2df47ac6-1b4c-48bf-ba3d-8a384a3f746f\">T\u00e9l\u00e9charger<\/a><\/div>\n\n\n\n<p>Vous pouvez consulter le rapport public de la commission de classement qui permet aux futurs candidats de comprendre les attendus de la formation et les attentes de l&rsquo;\u00e9quipe p\u00e9dagogique dans la constitution des dossiers.<\/p>\n\n\n\n<div class=\"wp-block-file\"><a id=\"wp-block-file--media-12f20588-914b-4ca4-9fb4-acc6949e8e91\" href=\"http:\/\/lyceech.cluster026.hosting.ovh.net\/wp-content\/uploads\/2025\/10\/Rapport-public-BTS-SAM-2025.pdf\">Rapport-public-BTS-SAM-2025<\/a><a href=\"http:\/\/lyceech.cluster026.hosting.ovh.net\/wp-content\/uploads\/2025\/10\/Rapport-public-BTS-SAM-2025.pdf\" class=\"wp-block-file__button wp-element-button\" download aria-describedby=\"wp-block-file--media-12f20588-914b-4ca4-9fb4-acc6949e8e91\">T\u00e9l\u00e9charger<\/a><\/div>\n","protected":false},"excerpt":{"rendered":"<p>Le titulaire du BTS Support \u00e0 l&rsquo;action manag\u00e9riale exerce ses fonctions aupr\u00e8s d&rsquo;un responsable ou d&rsquo;un cadre. Il d\u00e9veloppe des comp\u00e9tences relationnelles, organisationnelles et administratives. Il remplit des activit\u00e9s de soutien et des activit\u00e9s d\u00e9l\u00e9gu\u00e9es plus ou moins sp\u00e9cialis\u00e9es selon le service. Il est \u00e0 m\u00eame d&rsquo;organiser des \u00e9v\u00e9nements, des d\u00e9placements, de g\u00e9rer l&rsquo;information et [&hellip;]<\/p>\n","protected":false},"author":1,"featured_media":196,"parent":0,"menu_order":0,"comment_status":"closed","ping_status":"closed","template":"","meta":{"footnotes":""},"_links":{"self":[{"href":"http:\/\/lyceeclaudemonetlh.fr\/index.php\/wp-json\/wp\/v2\/pages\/91"}],"collection":[{"href":"http:\/\/lyceeclaudemonetlh.fr\/index.php\/wp-json\/wp\/v2\/pages"}],"about":[{"href":"http:\/\/lyceeclaudemonetlh.fr\/index.php\/wp-json\/wp\/v2\/types\/page"}],"author":[{"embeddable":true,"href":"http:\/\/lyceeclaudemonetlh.fr\/index.php\/wp-json\/wp\/v2\/users\/1"}],"replies":[{"embeddable":true,"href":"http:\/\/lyceeclaudemonetlh.fr\/index.php\/wp-json\/wp\/v2\/comments?post=91"}],"version-history":[{"count":7,"href":"http:\/\/lyceeclaudemonetlh.fr\/index.php\/wp-json\/wp\/v2\/pages\/91\/revisions"}],"predecessor-version":[{"id":1809,"href":"http:\/\/lyceeclaudemonetlh.fr\/index.php\/wp-json\/wp\/v2\/pages\/91\/revisions\/1809"}],"wp:featuredmedia":[{"embeddable":true,"href":"http:\/\/lyceeclaudemonetlh.fr\/index.php\/wp-json\/wp\/v2\/media\/196"}],"wp:attachment":[{"href":"http:\/\/lyceeclaudemonetlh.fr\/index.php\/wp-json\/wp\/v2\/media?parent=91"}],"curies":[{"name":"wp","href":"https:\/\/api.w.org\/{rel}","templated":true}]}}

BTS Support à l&rsquo;Action Managériale

<figure class="wp-block-image size-large is-style-rounded"><img loading="lazy" decoding="async" width="742" height="586" src="http://lyceech.cluster026.hosting.ovh.net/wp-content/uploads/2021/01/bts-sam.jpg" alt="" class="wp-image-196" srcset="http://lyceech.cluster026.hosting.ovh.net/wp-content/uploads/2021/01/bts-sam.jpg 742w, http://lyceech.cluster026.hosting.ovh.net/wp-content/uploads/2021/01/bts-sam-300x237.jpg 300w" sizes="(max-width: 742px) 100vw, 742px" /><figcaption class="wp-element-caption">BTS SAM</figcaption></figure>



<p>Le titulaire du BTS Support à l&rsquo;action managériale exerce ses fonctions auprès d&rsquo;un responsable ou d&rsquo;un cadre. Il développe des compétences relationnelles, organisationnelles et administratives. Il remplit des activités de soutien et des activités déléguées plus ou moins spécialisées selon le service. Il est à même d&rsquo;organiser des événements, des déplacements, de gérer l&rsquo;information et de prendre en charge un certain nombre de dossiers, administratifs ou directement liés à l&rsquo;activité générale de l&rsquo;organisation. Parler deux langues, voire trois, fait partie intégrante de la fonction. Il travaille dans une entreprise, une association, une administration ou tout autre type d&rsquo;organisation.</p>



<p>Consulter notre diaporama et le rapport public 2020</p>



<div class="wp-block-file"><a id="wp-block-file--media-2df47ac6-1b4c-48bf-ba3d-8a384a3f746f" href="http://lyceech.cluster026.hosting.ovh.net/wp-content/uploads/2021/01/Diaporama-BTS-SAM.pdf">Diaporama-BTS-SAM</a><a href="http://lyceech.cluster026.hosting.ovh.net/wp-content/uploads/2021/01/Diaporama-BTS-SAM.pdf" class="wp-block-file__button wp-element-button" download aria-describedby="wp-block-file--media-2df47ac6-1b4c-48bf-ba3d-8a384a3f746f">Télécharger</a></div>



<p>Vous pouvez consulter le rapport public de la commission de classement qui permet aux futurs candidats de comprendre les attendus de la formation et les attentes de l&rsquo;équipe pédagogique dans la constitution des dossiers.</p>



<div class="wp-block-file"><a id="wp-block-file--media-12f20588-914b-4ca4-9fb4-acc6949e8e91" href="http://lyceech.cluster026.hosting.ovh.net/wp-content/uploads/2025/10/Rapport-public-BTS-SAM-2025.pdf">Rapport-public-BTS-SAM-2025</a><a href="http://lyceech.cluster026.hosting.ovh.net/wp-content/uploads/2025/10/Rapport-public-BTS-SAM-2025.pdf" class="wp-block-file__button wp-element-button" download aria-describedby="wp-block-file--media-12f20588-914b-4ca4-9fb4-acc6949e8e91">Télécharger</a></div>

<p>Le titulaire du BTS Support à l&rsquo;action managériale exerce ses fonctions auprès d&rsquo;un responsable ou d&rsquo;un cadre. Il développe des compétences relationnelles, organisationnelles et administratives. Il remplit des activités de soutien et des activités déléguées plus ou moins spécialisées selon le service. Il est à même d&rsquo;organiser des événements, des déplacements, de gérer l&rsquo;information et [&hellip;]</p>
