{"id":61,"date":"2021-01-15T17:39:44","date_gmt":"2021-01-15T16:39:44","guid":{"rendered":"http:\/\/lyceech.cluster026.hosting.ovh.net\/?page_id=61"},"modified":"2023-03-31T20:26:40","modified_gmt":"2023-03-31T18:26:40","slug":"bac-pro-agora","status":"publish","type":"page","link":"http:\/\/lyceeclaudemonetlh.fr\/index.php\/bac-pro-agora\/","title":{"rendered":"BAC Pro Assistance \u00e0 la Gestion des Organisations et de leurs Activit\u00e9s"},"content":{"rendered":"\n<p>Le baccalaur\u00e9at professionnel assistance \u00e0 la gestion des organisations et de leurs activit\u00e9s forme des gestionnaires administratifs appel\u00e9s \u00e0 travailler dans des entreprises de petite et moyenne taille, dans des collectivit\u00e9s territoriales, des administrations, des associations, etc. Les \u00e9l\u00e8ves sont form\u00e9s \u00e0 la prise en charge de diff\u00e9rentes activit\u00e9s administratives int\u00e9grant diff\u00e9rentes op\u00e9rations : op\u00e9rations commerciales, de communication, de relations avec les clients ou op\u00e9rations de gestion de la paie du personnel ou encore op\u00e9rations support \u00e0 la production dans le cadre du suivi financier des activit\u00e9s ou des relations avec les fournisseurs.<\/p>\n\n\n\n<figure class=\"wp-block-embed is-type-video is-provider-youtube wp-block-embed-youtube wp-embed-aspect-4-3 wp-has-aspect-ratio\"><div class=\"wp-block-embed__wrapper\">\n<iframe loading=\"lazy\" title=\"BAC PRO AGOrA LYCEE CLAUDE MONET\" width=\"1170\" height=\"878\" src=\"https:\/\/www.youtube.com\/embed\/rYkRJzWwZRM?feature=oembed\" frameborder=\"0\" allow=\"accelerometer; autoplay; clipboard-write; encrypted-media; gyroscope; picture-in-picture; web-share\" allowfullscreen><\/iframe>\n<\/div><figcaption class=\"wp-element-caption\">Vid\u00e9o r\u00e9alis\u00e9e par les \u00e9l\u00e8ves de Seconde AGOrA<\/figcaption><\/figure>\n\n\n<div class=\"wp-block-image\">\n<figure class=\"aligncenter size-full is-resized\"><a href=\"http:\/\/lyceech.cluster026.hosting.ovh.net\/wp-content\/uploads\/2023\/03\/Plaquette-GATL.pdf\"><img loading=\"lazy\" decoding=\"async\" src=\"http:\/\/lyceech.cluster026.hosting.ovh.net\/wp-content\/uploads\/2023\/03\/Seconde-GATL.jpg\" alt=\"\" class=\"wp-image-903\" width=\"424\" height=\"565\" srcset=\"http:\/\/lyceech.cluster026.hosting.ovh.net\/wp-content\/uploads\/2023\/03\/Seconde-GATL.jpg 698w, http:\/\/lyceech.cluster026.hosting.ovh.net\/wp-content\/uploads\/2023\/03\/Seconde-GATL-225x300.jpg 225w\" sizes=\"(max-width: 424px) 100vw, 424px\" \/><\/a><\/figure><\/div>\n\n\n<div class=\"wp-block-file\"><a id=\"wp-block-file--media-82ffc3f2-4f84-4ba1-b076-3c571fbbcc46\" href=\"http:\/\/lyceech.cluster026.hosting.ovh.net\/wp-content\/uploads\/2023\/03\/Plaquette-GATL.pdf\">Plaquette-GATL<\/a><a href=\"http:\/\/lyceech.cluster026.hosting.ovh.net\/wp-content\/uploads\/2023\/03\/Plaquette-GATL.pdf\" class=\"wp-block-file__button wp-element-button\" download aria-describedby=\"wp-block-file--media-82ffc3f2-4f84-4ba1-b076-3c571fbbcc46\">T\u00e9l\u00e9charger<\/a><\/div>\n","protected":false},"excerpt":{"rendered":"<p>Le baccalaur\u00e9at professionnel assistance \u00e0 la gestion des organisations et de leurs activit\u00e9s forme des gestionnaires administratifs appel\u00e9s \u00e0 travailler dans des entreprises de petite et moyenne taille, dans des collectivit\u00e9s territoriales, des administrations, des associations, etc. Les \u00e9l\u00e8ves sont form\u00e9s \u00e0 la prise en charge de diff\u00e9rentes activit\u00e9s administratives int\u00e9grant diff\u00e9rentes op\u00e9rations : op\u00e9rations [&hellip;]<\/p>\n","protected":false},"author":1,"featured_media":0,"parent":0,"menu_order":0,"comment_status":"closed","ping_status":"closed","template":"","meta":{"footnotes":""},"_links":{"self":[{"href":"http:\/\/lyceeclaudemonetlh.fr\/index.php\/wp-json\/wp\/v2\/pages\/61"}],"collection":[{"href":"http:\/\/lyceeclaudemonetlh.fr\/index.php\/wp-json\/wp\/v2\/pages"}],"about":[{"href":"http:\/\/lyceeclaudemonetlh.fr\/index.php\/wp-json\/wp\/v2\/types\/page"}],"author":[{"embeddable":true,"href":"http:\/\/lyceeclaudemonetlh.fr\/index.php\/wp-json\/wp\/v2\/users\/1"}],"replies":[{"embeddable":true,"href":"http:\/\/lyceeclaudemonetlh.fr\/index.php\/wp-json\/wp\/v2\/comments?post=61"}],"version-history":[{"count":11,"href":"http:\/\/lyceeclaudemonetlh.fr\/index.php\/wp-json\/wp\/v2\/pages\/61\/revisions"}],"predecessor-version":[{"id":904,"href":"http:\/\/lyceeclaudemonetlh.fr\/index.php\/wp-json\/wp\/v2\/pages\/61\/revisions\/904"}],"wp:attachment":[{"href":"http:\/\/lyceeclaudemonetlh.fr\/index.php\/wp-json\/wp\/v2\/media?parent=61"}],"curies":[{"name":"wp","href":"https:\/\/api.w.org\/{rel}","templated":true}]}}

BAC Pro Assistance à la Gestion des Organisations et de leurs Activités

<p>Le baccalauréat professionnel assistance à la gestion des organisations et de leurs activités forme des gestionnaires administratifs appelés à travailler dans des entreprises de petite et moyenne taille, dans des collectivités territoriales, des administrations, des associations, etc. Les élèves sont formés à la prise en charge de différentes activités administratives intégrant différentes opérations : opérations commerciales, de communication, de relations avec les clients ou opérations de gestion de la paie du personnel ou encore opérations support à la production dans le cadre du suivi financier des activités ou des relations avec les fournisseurs.</p>



<figure class="wp-block-embed is-type-video is-provider-youtube wp-block-embed-youtube wp-embed-aspect-4-3 wp-has-aspect-ratio"><div class="wp-block-embed__wrapper">
<iframe loading="lazy" title="BAC PRO AGOrA LYCEE CLAUDE MONET" width="1170" height="878" src="https://www.youtube.com/embed/rYkRJzWwZRM?feature=oembed" frameborder="0" allow="accelerometer; autoplay; clipboard-write; encrypted-media; gyroscope; picture-in-picture; web-share" allowfullscreen></iframe>
</div><figcaption class="wp-element-caption">Vidéo réalisée par les élèves de Seconde AGOrA</figcaption></figure>


<div class="wp-block-image">
<figure class="aligncenter size-full is-resized"><a href="http://lyceech.cluster026.hosting.ovh.net/wp-content/uploads/2023/03/Plaquette-GATL.pdf"><img loading="lazy" decoding="async" src="http://lyceech.cluster026.hosting.ovh.net/wp-content/uploads/2023/03/Seconde-GATL.jpg" alt="" class="wp-image-903" width="424" height="565" srcset="http://lyceech.cluster026.hosting.ovh.net/wp-content/uploads/2023/03/Seconde-GATL.jpg 698w, http://lyceech.cluster026.hosting.ovh.net/wp-content/uploads/2023/03/Seconde-GATL-225x300.jpg 225w" sizes="(max-width: 424px) 100vw, 424px" /></a></figure></div>


<div class="wp-block-file"><a id="wp-block-file--media-82ffc3f2-4f84-4ba1-b076-3c571fbbcc46" href="http://lyceech.cluster026.hosting.ovh.net/wp-content/uploads/2023/03/Plaquette-GATL.pdf">Plaquette-GATL</a><a href="http://lyceech.cluster026.hosting.ovh.net/wp-content/uploads/2023/03/Plaquette-GATL.pdf" class="wp-block-file__button wp-element-button" download aria-describedby="wp-block-file--media-82ffc3f2-4f84-4ba1-b076-3c571fbbcc46">Télécharger</a></div>

<p>Le baccalauréat professionnel assistance à la gestion des organisations et de leurs activités forme des gestionnaires administratifs appelés à travailler dans des entreprises de petite et moyenne taille, dans des collectivités territoriales, des administrations, des associations, etc. Les élèves sont formés à la prise en charge de différentes activités administratives intégrant différentes opérations : opérations [&hellip;]</p>
