{"id":132,"date":"2021-01-18T21:04:04","date_gmt":"2021-01-18T20:04:04","guid":{"rendered":"http:\/\/lyceech.cluster026.hosting.ovh.net\/?page_id=132"},"modified":"2021-10-14T17:47:00","modified_gmt":"2021-10-14T15:47:00","slug":"cdi","status":"publish","type":"page","link":"http:\/\/lyceeclaudemonetlh.fr\/index.php\/cdi\/","title":{"rendered":"CDI"},"content":{"rendered":"\n<p><strong>Les missions du CDI<\/strong><\/p>\n\n\n\n<ul><li>Former les \u00e9l\u00e8ves \u00e0 la recherche documentaire et \u00e0 la ma\u00eetrise de l&rsquo;information.<\/li><li>Proposer un fonds documentaire diversifi\u00e9 r\u00e9pondant aux besoins sp\u00e9cifiques des \u00e9l\u00e8ves et des enseignants.<\/li><li>Accueillir les \u00e9l\u00e8ves sur leur temps libre ou en groupe avec un enseignant pour leur permettre de travailler ou lire dans le calme en s&rsquo;appuyant sur la documentation disponible au CDI.<\/li><li>Favoriser l&rsquo;autonomie des \u00e9l\u00e8ves.<\/li><\/ul>\n\n\n\n<div class=\"wp-block-image\"><figure class=\"aligncenter size-full\"><a href=\"https:\/\/0760174b.esidoc.fr\/\"><img loading=\"lazy\" decoding=\"async\" width=\"302\" height=\"167\" src=\"http:\/\/lyceech.cluster026.hosting.ovh.net\/wp-content\/uploads\/2021\/10\/ESIDOC.png\" alt=\"\" class=\"wp-image-515\" srcset=\"http:\/\/lyceech.cluster026.hosting.ovh.net\/wp-content\/uploads\/2021\/10\/ESIDOC.png 302w, http:\/\/lyceech.cluster026.hosting.ovh.net\/wp-content\/uploads\/2021\/10\/ESIDOC-300x167.png 300w\" sizes=\"(max-width: 302px) 100vw, 302px\" \/><\/a><figcaption><strong>Esidoc<\/strong>\u00a0est un portail documentaire en ligne, rattach\u00e9 au logiciel documentaire BCDI et qui permet aux utilisateurs du CDI d&rsquo;avoir acc\u00e8s \u00e0 la base de donn\u00e9es de l&rsquo;\u00e9tablissement<\/figcaption><\/figure><\/div>\n\n\n\n<p><strong>Les horaires du CDI<\/strong><\/p>\n\n\n\n<p>Mme Hall\u00e9 et M. Demont vous accueillent tous&nbsp; les jours. Le CDI est ouvert \u00e9galement pendant les r\u00e9cr\u00e9ations et l&rsquo;heure de pause m\u00e9ridienne.<\/p>\n\n\n\n<ul><li>Lundi : 08h00 -12h \/13h00- 17h30<\/li><li>Mardi : 08h00 \u2013 18h00<\/li><li>Mercredi : 08h00 \u2013 12h00<\/li><li>Jeudi : 08h00 \u2013 18h00<\/li><li>Vendredi : 08h00 \u2013 18h00<\/li><li>Samedi : 08h00 &#8211; 10h00<\/li><\/ul>\n\n\n\n<p><\/p>\n\n\n\n<p><strong>Le r\u00e8glement du CDI<\/strong><\/p>\n\n\n\n<p><strong>Lyc\u00e9e Claude Monet \u2013 Le Havre<\/strong><\/p>\n\n\n\n<p><strong>Le CDI<\/strong> est un <strong>espace de ressources multim\u00e9dias, de lecture, d\u2019information, de recherche et de travail sur documents, d\u2019accompagnement et d\u2019\u00e9tude, <\/strong>ouvert \u00e0 tous les \u00e9l\u00e8ves et \u00e0 l\u2019ensemble de la communaut\u00e9 \u00e9ducative de l\u2019\u00e9tablissement.<\/p>\n\n\n\n<p><strong>Le CDI est un espace de vie commun o\u00f9 chacun \u00e0 des droits mais doit aussi observer quelques r\u00e8gles pour le respect de tous&nbsp;: des lieux, des personnes, du mat\u00e9riel.<\/strong><\/p>\n\n\n\n<p><strong>Modalit\u00e9s d\u2019utilisation<\/strong><\/p>\n\n\n\n<p>Le CDI est ouvert les Lundis de 8h00 \u00e0 17h30, les Mardis, Jeudis et Vendredi de 8h00 \u00e0 17h30&nbsp;; le Mercredi de 8h00 \u00e0 12h00 et le Samedi de 8h00 \u00e0 10h00. <strong>Pendant les r\u00e9cr\u00e9ations, le CDI est ouvert uniquement aux \u00e9l\u00e8ves qui souhaitent emprunter ou retourner des ouvrages.<\/strong><\/p>\n\n\n\n<p><strong>L\u2019acc\u00e8s au CDI pour les \u00e9l\u00e8ves en autonomie.<\/strong><\/p>\n\n\n\n<p>Le CDI est en acc\u00e8s libre en fonction des places disponibles. Les \u00e9l\u00e8ves doivent s\u2019inscrire en d\u00e9but d\u2019heure sur <strong>cdi stat<\/strong> et mentionner la raison pour laquelle ils viennent au CDI.<\/p>\n\n\n\n<p>Les \u00e9l\u00e8ves viennent au CDI pour <strong>lire, consulter ou emprunter des documents, s\u2019informer et utiliser les ordinateurs pour des recherches documentaires.<\/strong> Les \u00e9l\u00e8ves souhaitant travailler en petit groupe peuvent acc\u00e9der sur r\u00e9servation aux deux salles annexes T2 et T3.<\/p>\n\n\n\n<p><strong>L\u2019acc\u00e8s au CDI pour les groupes<\/strong><\/p>\n\n\n\n<p>Le CDI accueille en priorit\u00e9 les groupes d\u2019\u00e9l\u00e8ves accompagn\u00e9s par leurs professeurs qui dans le cadre de l\u2019EMC, de l\u2019accompagnement personnalis\u00e9, les enseignements d\u2019exploration, les TPE, AID ou tout autre projet p\u00e9dagogique ou culturel \u00e9labor\u00e9 en partenariat avec les professeurs documentalistes, ont des travaux de recherches documentaires, des activit\u00e9s de lecture ou tout autre travail n\u00e9cessitant des outils propos\u00e9s par le CDI.<\/p>\n\n\n\n<p><strong>Le pr\u00eat des documents<\/strong><\/p>\n\n\n\n<p><strong>Deux semaines<\/strong> pour les fictions et les documentaires. <strong>Les manuels scolaires peuvent \u00eatre emprunt\u00e9s en \u00e9change du carnet de liaison<\/strong>. Possibilit\u00e9 de vous <strong>fournir une photocopie d\u2019article de presse<\/strong> pour vos recherches. Les usuels sont \u00e0 consulter sur place.<\/p>\n\n\n\n<p>Tout document emprunt\u00e9 doit \u00eatre enregistr\u00e9 aupr\u00e8s des professeurs documentalistes. <strong>Pour trouver un document&nbsp; rapidement au CDI, on peut consulter via l\u2019ordinateur en acc\u00e8s libre le catalogue du CDI&nbsp;: 0761740b.esidoc.fr<\/strong><\/p>\n\n\n\n<p><strong>L\u2019usage de l\u2019informatique<\/strong><\/p>\n\n\n\n<p><strong>Huit ordinateurs<\/strong> sont mis \u00e0 disposition des \u00e9l\u00e8ves dans un but de recherches documentaires<strong>. Veuillez vous connecter avec vos identifiants.<\/strong><\/p>\n\n\n\n<p><strong>Recommandations<\/strong><\/p>\n\n\n\n<p>Le CDI est un <strong>espace de travail et d\u2019\u00e9tude. Le silence<\/strong> et le respect sont de rigueur&nbsp;; <strong>les \u00e9changes<\/strong> entre les \u00e9l\u00e8ves doivent se faire <strong>\u00e0 voix basse<\/strong>. <strong>Il n\u2019est pas autoris\u00e9 de manger et de boire au CDI.<\/strong><\/p>\n\n\n\n<p><strong>L\u2019utilisation du t\u00e9l\u00e9phone portable est autoris\u00e9e uniquement \u00e0 usage p\u00e9dagogique <\/strong>(Recherche documentaire sur Internet).<\/p>\n\n\n\n<p><strong>Les impressions sont limit\u00e9es<\/strong>&nbsp;: elles ne peuvent concerner que des travaux scolaires. L\u2019autorisation professeurs documentalistes est \u00e0 demander.<\/p>\n\n\n\n<p><strong>Tout \u00e9l\u00e8ve ne respectant pas les r\u00e8gles sera sanctionn\u00e9.<\/strong><\/p>\n\n\n\n<p><strong>Merci de respecter toutes ces r\u00e8gles&nbsp;!<\/strong><\/p>\n\n\n\n<p><strong>Mme Hall\u00e9 et M Demont, Professeurs documentalistes.<\/strong><\/p>\n\n\n\n<p><strong>Les conditions de pr\u00eats<\/strong><\/p>\n\n\n\n<p>Vous pouvez emprunter jusqu&rsquo;\u00e0 6 documents simultan\u00e9ment. Mais les dur\u00e9es de pr\u00eat varient en fonction du type de document emprunt\u00e9 :<\/p>\n\n\n\n<ul><li>Les magazines : 7 jours<\/li><li>Les documentaires : 14 jours<\/li><li>Les romans et BD : 21 jours<br><br>N&rsquo;h\u00e9sitez pas \u00e0 demander une prolongation de vos pr\u00eats aux professeurs-documentalistes !!&nbsp;<\/li><\/ul>\n\n\n\n<p><br>Pour nous contacter :<br><strong>cdi.0760174b@ac-rouen.fr<\/strong><\/p>\n","protected":false},"excerpt":{"rendered":"<p>Les missions du CDI Former les \u00e9l\u00e8ves \u00e0 la recherche documentaire et \u00e0 la ma\u00eetrise de l&rsquo;information. Proposer un fonds documentaire diversifi\u00e9 r\u00e9pondant aux besoins sp\u00e9cifiques des \u00e9l\u00e8ves et des enseignants. Accueillir les \u00e9l\u00e8ves sur leur temps libre ou en groupe avec un enseignant pour leur permettre de travailler ou lire dans le calme en [&hellip;]<\/p>\n","protected":false},"author":1,"featured_media":0,"parent":0,"menu_order":0,"comment_status":"closed","ping_status":"closed","template":"","meta":{"footnotes":""},"_links":{"self":[{"href":"http:\/\/lyceeclaudemonetlh.fr\/index.php\/wp-json\/wp\/v2\/pages\/132"}],"collection":[{"href":"http:\/\/lyceeclaudemonetlh.fr\/index.php\/wp-json\/wp\/v2\/pages"}],"about":[{"href":"http:\/\/lyceeclaudemonetlh.fr\/index.php\/wp-json\/wp\/v2\/types\/page"}],"author":[{"embeddable":true,"href":"http:\/\/lyceeclaudemonetlh.fr\/index.php\/wp-json\/wp\/v2\/users\/1"}],"replies":[{"embeddable":true,"href":"http:\/\/lyceeclaudemonetlh.fr\/index.php\/wp-json\/wp\/v2\/comments?post=132"}],"version-history":[{"count":4,"href":"http:\/\/lyceeclaudemonetlh.fr\/index.php\/wp-json\/wp\/v2\/pages\/132\/revisions"}],"predecessor-version":[{"id":516,"href":"http:\/\/lyceeclaudemonetlh.fr\/index.php\/wp-json\/wp\/v2\/pages\/132\/revisions\/516"}],"wp:attachment":[{"href":"http:\/\/lyceeclaudemonetlh.fr\/index.php\/wp-json\/wp\/v2\/media?parent=132"}],"curies":[{"name":"wp","href":"https:\/\/api.w.org\/{rel}","templated":true}]}}

<p><strong>Les missions du CDI</strong></p>



<ul><li>Former les élèves à la recherche documentaire et à la maîtrise de l&rsquo;information.</li><li>Proposer un fonds documentaire diversifié répondant aux besoins spécifiques des élèves et des enseignants.</li><li>Accueillir les élèves sur leur temps libre ou en groupe avec un enseignant pour leur permettre de travailler ou lire dans le calme en s&rsquo;appuyant sur la documentation disponible au CDI.</li><li>Favoriser l&rsquo;autonomie des élèves.</li></ul>



<div class="wp-block-image"><figure class="aligncenter size-full"><a href="https://0760174b.esidoc.fr/"><img loading="lazy" decoding="async" width="302" height="167" src="http://lyceech.cluster026.hosting.ovh.net/wp-content/uploads/2021/10/ESIDOC.png" alt="" class="wp-image-515" srcset="http://lyceech.cluster026.hosting.ovh.net/wp-content/uploads/2021/10/ESIDOC.png 302w, http://lyceech.cluster026.hosting.ovh.net/wp-content/uploads/2021/10/ESIDOC-300x167.png 300w" sizes="(max-width: 302px) 100vw, 302px" /></a><figcaption><strong>Esidoc</strong> est un portail documentaire en ligne, rattaché au logiciel documentaire BCDI et qui permet aux utilisateurs du CDI d&rsquo;avoir accès à la base de données de l&rsquo;établissement</figcaption></figure></div>



<p><strong>Les horaires du CDI</strong></p>



<p>Mme Hallé et M. Demont vous accueillent tous&nbsp; les jours. Le CDI est ouvert également pendant les récréations et l&rsquo;heure de pause méridienne.</p>



<ul><li>Lundi : 08h00 -12h /13h00- 17h30</li><li>Mardi : 08h00 – 18h00</li><li>Mercredi : 08h00 – 12h00</li><li>Jeudi : 08h00 – 18h00</li><li>Vendredi : 08h00 – 18h00</li><li>Samedi : 08h00 &#8211; 10h00</li></ul>



<p></p>



<p><strong>Le règlement du CDI</strong></p>



<p><strong>Lycée Claude Monet – Le Havre</strong></p>



<p><strong>Le CDI</strong> est un <strong>espace de ressources multimédias, de lecture, d’information, de recherche et de travail sur documents, d’accompagnement et d’étude, </strong>ouvert à tous les élèves et à l’ensemble de la communauté éducative de l’établissement.</p>



<p><strong>Le CDI est un espace de vie commun où chacun à des droits mais doit aussi observer quelques règles pour le respect de tous&nbsp;: des lieux, des personnes, du matériel.</strong></p>



<p><strong>Modalités d’utilisation</strong></p>



<p>Le CDI est ouvert les Lundis de 8h00 à 17h30, les Mardis, Jeudis et Vendredi de 8h00 à 17h30&nbsp;; le Mercredi de 8h00 à 12h00 et le Samedi de 8h00 à 10h00. <strong>Pendant les récréations, le CDI est ouvert uniquement aux élèves qui souhaitent emprunter ou retourner des ouvrages.</strong></p>



<p><strong>L’accès au CDI pour les élèves en autonomie.</strong></p>



<p>Le CDI est en accès libre en fonction des places disponibles. Les élèves doivent s’inscrire en début d’heure sur <strong>cdi stat</strong> et mentionner la raison pour laquelle ils viennent au CDI.</p>



<p>Les élèves viennent au CDI pour <strong>lire, consulter ou emprunter des documents, s’informer et utiliser les ordinateurs pour des recherches documentaires.</strong> Les élèves souhaitant travailler en petit groupe peuvent accéder sur réservation aux deux salles annexes T2 et T3.</p>



<p><strong>L’accès au CDI pour les groupes</strong></p>



<p>Le CDI accueille en priorité les groupes d’élèves accompagnés par leurs professeurs qui dans le cadre de l’EMC, de l’accompagnement personnalisé, les enseignements d’exploration, les TPE, AID ou tout autre projet pédagogique ou culturel élaboré en partenariat avec les professeurs documentalistes, ont des travaux de recherches documentaires, des activités de lecture ou tout autre travail nécessitant des outils proposés par le CDI.</p>



<p><strong>Le prêt des documents</strong></p>



<p><strong>Deux semaines</strong> pour les fictions et les documentaires. <strong>Les manuels scolaires peuvent être empruntés en échange du carnet de liaison</strong>. Possibilité de vous <strong>fournir une photocopie d’article de presse</strong> pour vos recherches. Les usuels sont à consulter sur place.</p>



<p>Tout document emprunté doit être enregistré auprès des professeurs documentalistes. <strong>Pour trouver un document&nbsp; rapidement au CDI, on peut consulter via l’ordinateur en accès libre le catalogue du CDI&nbsp;: 0761740b.esidoc.fr</strong></p>



<p><strong>L’usage de l’informatique</strong></p>



<p><strong>Huit ordinateurs</strong> sont mis à disposition des élèves dans un but de recherches documentaires<strong>. Veuillez vous connecter avec vos identifiants.</strong></p>



<p><strong>Recommandations</strong></p>



<p>Le CDI est un <strong>espace de travail et d’étude. Le silence</strong> et le respect sont de rigueur&nbsp;; <strong>les échanges</strong> entre les élèves doivent se faire <strong>à voix basse</strong>. <strong>Il n’est pas autorisé de manger et de boire au CDI.</strong></p>



<p><strong>L’utilisation du téléphone portable est autorisée uniquement à usage pédagogique </strong>(Recherche documentaire sur Internet).</p>



<p><strong>Les impressions sont limitées</strong>&nbsp;: elles ne peuvent concerner que des travaux scolaires. L’autorisation professeurs documentalistes est à demander.</p>



<p><strong>Tout élève ne respectant pas les règles sera sanctionné.</strong></p>



<p><strong>Merci de respecter toutes ces règles&nbsp;!</strong></p>



<p><strong>Mme Hallé et M Demont, Professeurs documentalistes.</strong></p>



<p><strong>Les conditions de prêts</strong></p>



<p>Vous pouvez emprunter jusqu&rsquo;à 6 documents simultanément. Mais les durées de prêt varient en fonction du type de document emprunté :</p>



<ul><li>Les magazines : 7 jours</li><li>Les documentaires : 14 jours</li><li>Les romans et BD : 21 jours<br><br>N&rsquo;hésitez pas à demander une prolongation de vos prêts aux professeurs-documentalistes !!&nbsp;</li></ul>



<p><br>Pour nous contacter :<br><strong>cdi.0760174b@ac-rouen.fr</strong></p>

<p>Les missions du CDI Former les élèves à la recherche documentaire et à la maîtrise de l&rsquo;information. Proposer un fonds documentaire diversifié répondant aux besoins spécifiques des élèves et des enseignants. Accueillir les élèves sur leur temps libre ou en groupe avec un enseignant pour leur permettre de travailler ou lire dans le calme en [&hellip;]</p>
